{"id":3085,"date":"2024-11-14T20:40:42","date_gmt":"2024-11-15T00:40:42","guid":{"rendered":"https:\/\/santanderlimpieza.com\/?post_type=product&#038;p=3085"},"modified":"2025-03-13T23:15:51","modified_gmt":"2025-03-14T03:15:51","slug":"caracteristicas-de-aspiradora-polvo-agua-luster-15-litros","status":"publish","type":"product","link":"https:\/\/santanderlimpieza.com\/?product=caracteristicas-de-aspiradora-polvo-agua-luster-15-litros","title":{"rendered":"CARACTER\u00cdSTICAS DE ASPIRADORA POLVO AGUA LUSTER 15 LITROS"},"content":{"rendered":"<h2>CARACTERISTICAS DE ASPIRADORA POLVO AGUA LUSTER 15 LITROS<\/h2>\n<p>M\u00e1quina para aspirado de oficinas, ideal por su tama\u00f1o para el transporte adecuado, con sus variados accesorios permite llegar a todos los lugares incluyendo rincones el aspirado de alfombras, cortinas, sillones, etc, usted puede realizarlo sin inconvenientes con esta m\u00e1quina preparada y dise\u00f1ada para trabajar varias horas. El filtro de poliester es f\u00e1cil de limpiar y volver a usar.<\/p>\n<table>\n<tbody>\n<tr>\n<td>\n<div>Tensi\u00f3n<\/div>\n<\/td>\n<td>Monof\u00e1sica 220V 50-60 Hz<\/td>\n<\/tr>\n<tr>\n<td>\n<div>Capacidad de estanque<\/div>\n<\/td>\n<td>15 L<\/td>\n<\/tr>\n<tr>\n<td>\n<div>Tipo motor aspiraci\u00f3n<\/div>\n<\/td>\n<td>Polvo agua 2 etapas<\/td>\n<\/tr>\n<tr>\n<td>\n<div>Potencia motor<\/div>\n<\/td>\n<td>1.000 W<\/td>\n<\/tr>\n<tr>\n<td>\n<div>\n<div>Flujo aire aspirado<\/div>\n<\/div>\n<\/td>\n<td>172,8 m3\/hora<\/td>\n<\/tr>\n<tr>\n<td>\n<div>Depresi\u00f3n<\/div>\n<\/td>\n<td>1.800mm H2O<\/td>\n<\/tr>\n<tr>\n<td>\n<div>Di\u00e1metro accesorios<\/div>\n<\/td>\n<td>36 mm<\/td>\n<\/tr>\n<\/tbody>\n<\/table>\n<p><strong>SERVICIO TECNICO,\u00a0AMPLIO STOCK DE REPUESTOS.<\/strong><\/p>\n<h2>VENTAJAS DE ASPIRADORA POLVO AGUA LUSTER 15 LITROS<\/h2>\n<ul>\n<li>Filtro de poli\u00e9ster lavable y un dispositivo flotador incorporado para evitar el rebalse del estanque.<\/li>\n<li>Kit de accesorios profesional para la aspiraci\u00f3n de polvo y l\u00edquidos.<\/li>\n<li>Fabricada en acero inoxidable, que asegura una gran vida \u00fatil.<\/li>\n<li>Capacidad del estanque met\u00e1lico, permite ser ideal para el trabajo en oficinas.<\/li>\n<\/ul>\n","protected":false},"excerpt":{"rendered":"<p>CARACTERISTICAS DE ASPIRADORA POLVO AGUA LUSTER 15 LITROS M\u00e1quina para aspirado de oficinas, ideal por su tama\u00f1o para el transporte adecuado, con sus variados accesorios permite llegar a todos los lugares incluyendo rincones el aspirado de alfombras, cortinas, sillones, etc, usted puede realizarlo sin inconvenientes con esta m\u00e1quina preparada y dise\u00f1ada para trabajar varias horas. El filtro de poliester es f\u00e1cil de limpiar y volver a usar. Tensi\u00f3n Monof\u00e1sica 220V 50-60 Hz Capacidad de estanque 15 L Tipo motor aspiraci\u00f3n Polvo agua 2 etapas Potencia motor 1.000 W Flujo aire aspirado 172,8 m3\/hora Depresi\u00f3n 1.800mm H2O Di\u00e1metro accesorios 36 mm&hellip;<\/p>\n","protected":false},"featured_media":3364,"comment_status":"open","ping_status":"closed","template":"","meta":[],"product_brand":[],"product_cat":[91],"product_tag":[],"class_list":{"0":"post-3085","1":"product","2":"type-product","3":"status-publish","4":"has-post-thumbnail","6":"product_cat-aspiradoras","8":"first","9":"instock","10":"sale","11":"taxable","12":"shipping-taxable","13":"purchasable","14":"product-type-simple","15":"thumb-has-effect","16":"prod-rating-off"},"jetpack_sharing_enabled":true,"_links":{"self":[{"href":"https:\/\/santanderlimpieza.com\/index.php?rest_route=\/wp\/v2\/product\/3085","targetHints":{"allow":["GET"]}}],"collection":[{"href":"https:\/\/santanderlimpieza.com\/index.php?rest_route=\/wp\/v2\/product"}],"about":[{"href":"https:\/\/santanderlimpieza.com\/index.php?rest_route=\/wp\/v2\/types\/product"}],"replies":[{"embeddable":true,"href":"https:\/\/santanderlimpieza.com\/index.php?rest_route=%2Fwp%2Fv2%2Fcomments&post=3085"}],"wp:featuredmedia":[{"embeddable":true,"href":"https:\/\/santanderlimpieza.com\/index.php?rest_route=\/wp\/v2\/media\/3364"}],"wp:attachment":[{"href":"https:\/\/santanderlimpieza.com\/index.php?rest_route=%2Fwp%2Fv2%2Fmedia&parent=3085"}],"wp:term":[{"taxonomy":"product_brand","embeddable":true,"href":"https:\/\/santanderlimpieza.com\/index.php?rest_route=%2Fwp%2Fv2%2Fproduct_brand&post=3085"},{"taxonomy":"product_cat","embeddable":true,"href":"https:\/\/santanderlimpieza.com\/index.php?rest_route=%2Fwp%2Fv2%2Fproduct_cat&post=3085"},{"taxonomy":"product_tag","embeddable":true,"href":"https:\/\/santanderlimpieza.com\/index.php?rest_route=%2Fwp%2Fv2%2Fproduct_tag&post=3085"}],"curies":[{"name":"wp","href":"https:\/\/api.w.org\/{rel}","templated":true}]}}